ts digit of 388933?
3
What is the hundred thousands digit of 503938?
5
What is the thousands digit of 281923?
1
What is the thousands digit of 517750?
7
What is the ten thousands digit of 190066?
9
What is the units digit of 10503975?
5
What is the hundreds digit of 192390?
3
What is the units digit of 27011?
1
What is the hundreds digit of 143037?
0
What is the tens digit of 239149?
4
What is the units digit of 3176333?
3
What is the ten thousands digit of 1530858?
3
What is the ten thousands digit of 4331251?
3
What is the hundred thousands digit of 238345?
2
What is the units digit of 11080?
0
What is the units digit of 1539012?
2
What is the ten thousands digit of 422784?
2
What is the hundreds digit of 124238?
2
What is the hundred thousands digit of 1308924?
3
What is the units digit of 439512?
2
What is the hundreds digit of 997989?
9
What is the tens digit of 6732428?
2
What is the hundred thousands digit of 2499807?
4
What is the ten thousands digit of 377941?
7
What is the hundreds digit of 2480257?
2
What is the millions digit of 4496029?
4
What is the hundreds digit of 406051?
0
What is the tens digit of 13598193?
9
What is the units digit of 1649917?
7
What is the ten thousands digit of 35292867?
9
What is the tens digit of 628227?
2
What is the thousands digit of 338158?
8
What is the thousands digit of 95424?
5
What is the tens digit of 2319876?
7
What is the thousands digit of 639014?
9
What is the thousands digit of 4329835?
9
What is the ten thousands digit of 21125020?
2
What is the tens digit of 1878990?
9
What is the millions digit of 5294682?
5
What is the units digit of 29497967?
7
What is the units digit of 4410?
0
What is the millions digit of 4590877?
4
What is the units digit of 1994734?
4
What is the ten thousands digit of 673481?
7
What is the hundred thousands digit of 1091005?
0
What is the ten thousands digit of 492336?
9
What is the thousands digit of 616172?
6
What is the tens digit of 2768897?
9
What is the thousands digit of 6078064?
8
What is the hundreds digit of 198696?
6
What is the tens digit of 3625293?
9
What is the units digit of 10083311?
1
What is the thousands digit of 52728?
2
What is the tens digit of 1046055?
5
What is the thousands digit of 277902?
7
What is the thousands digit of 309974?
9
What is the hundreds digit of 2396724?
7
What is the hundreds digit of 240552?
5
What is the thousands digit of 9454086?
4
What is the units digit of 44022?
2
What is the millions digit of 3979972?
3
What is the hundred thousands digit of 902309?
9
What is the millions digit of 3647954?
3
What is the tens digit of 12715656?
5
What is the hundreds digit of 3862935?
9
What is the thousands digit of 1424534?
4
What is the hundred thousands digit of 5164578?
1
What is the hundreds digit of 2623742?
7
What is the tens digit of 31022?
2
What is the hundreds digit of 2162832?
8
What is the units digit of 557669?
9
What is the hundred thousands digit of 493592?
4
What is the hundred thousands digit of 132589?
1
What is the units digit of 743?
3
What is the thousands digit of 12647210?
7
What is the thousands digit of 55696?
5
What is the thousands digit of 30933653?
3
What is the hundreds digit of 19200?
2
What is the tens digit of 368223?
2
What is the hundred thousands digit of 727725?
7
What is the ten thousands digit of 841489?
4
What is the thousands digit of 4450?
4
What is the ten millions digit of 12602766?
1
What is the ten thousands digit of 527769?
2
What is the thousands digit of 4159836?
9
What is the tens digit of 378226?
2
What is the units digit of 3395905?
5
What is the units digit of 6942535?
5
What is the units digit of 40012?
2
What is the hundred thousands digit of 548107?
5
What is the millions digit of 29218667?
9
What is the units digit of 984586?
6
What is the ten thousands digit of 1717236?
1
What is the ten thousands digit of 9653801?
5
What is the tens digit of 823586?
8
What is the units digit of 11456603?
3
What is the hundred thousands digit of 208839?
2
What is the thousands digit of 632241?
2
What is the units digit of 285425?
5
What is the hundreds digit of 818133?
1
What is the thousands digit of 10670122?
0
What is the hundred thousands digit of 1114057?
1
What is the thousands digit of 12798645?
8
What is the thousands digit of 797291?
7
What is the hundreds digit of 13900552?
5
What is the thousands digit of 840674?
0
What is the hundred thousands digit of 3675093?
6
What is the thousands digit of 7716160?
6
What is the millions digit of 12074821?
2
What is the ten thousands digit of 17398181?
9
What is the millions digit of 27273160?
7
What is the thousands digit of 12643?
2
What is the hundred thousands digit of 387247?
3
What is the ten thousands digit of 151756?
5
What is the ten thousands digit of 442954?
4
What is the units digit of 6415694?
4
What is the ten thousands digit of 5666703?
6
What is the thousands digit of 152419?
2
What is the units digit of 1311441?
1
What is the hundred thousands digit of 114491?
1
What is the millions digit of 11610788?
1
What is the units digit of 41848690?
0
What is the hundred thousands digit of 858647?
8
What is the units digit of 1947331?
1
What is the thousands digit of 328698?
8
What is the hundred thousands digit of 103057?
1
What is the units digit of 4953362?
2
What is the tens digit of 1386770?
7
What is the hundreds digit of 1684261?
2
What is the millions digit of 3073582?
3
What is the hundred thousands digit of 2665154?
6
What is the thousands digit of 796068?
6
What is the units digit of 216035?
5
What is the units digit of 120261?
1
What is the hundreds digit of 286264?
2
What is the hundreds digit of 30894263?
2
What is the units digit of 432583?
3
What is the thousands digit of 7347271?
7
What is the thousands digit of 2176197?
6
What is the hundred thousands digit of 733365?
7
What is the ten thousands digit of 208596?
0
What is the hundreds digit of 415711?
7
What is the ten thousands digit of 2043724?
4
What is the units digit of 15852235?
5
What is the ten thousands digit of 255771?
5
What is the hundreds digit of 19514901?
9
What is the tens digit of 1274340?
4
What is the units digit of 1321641?
1
What is the tens digit of 7737502?
0
What is the hundreds digit of 3446584?
5
What is the thousands digit of 86786?
6
What is the thousands digit of 121071?
1
What is the ten millions digit of 11533750?
1
What is the millions digit of 1275399?
1
What is the thousands digit of 449684?
9
What is the units digit of 20809?
9
What is the hundreds digit of 139695?
6
What is the tens digit of 2238042?
4
What is the millions digit of 1121415?
1
What is the units digit of 145862?
2
What is the millions digit of 1359969?
1
What is the hundreds digit of 3845872?
8
What is the hundred thousands digit of 464265?
4
What is the units digit of 889404?
4
What is the ten thousands digit of 217059?
1
What is the tens digit of 184899?
9
What is the hundreds digit of 148093?
0
What is the tens digit of 2503569?
6
What is the units digit of 17316?
6
What is the tens digit of 7772380?
8
What is the hundred thousands digit of 491994?
4
What is the hundred thousands digit of 2176149?
1
What is the units digit of 18420681?
1
What is the hundred thousands digit of 173263?
1
What is the hundred thousands digit of 1240721?
2
What is the hundred thousands digit of 2212147?
2
What is the thousands digit of 796096?
6
What is the hundred thousands digit of 7651700?
6
What is the ten thousands digit of 9961784?
6
What is the ten thousands digit of 210957?
1
What is the thousands digit of 214310?
4
What is the units digit of 119291?
1
What is the units digit of 1167068?
8
What is the ten thousands digit of 227811?
2
What is the hundreds digit of 304382?
3
What is the hundred thousands digit of 1196413?
1
What is the hundred thousands digit of 546288?
5
What is the ten millions digit of 10852070?
1
What is the hundred thousands digit of 583007?
5
What is the units digit of 6262350?
0
What is the units digit of 8399793?
3
What is the ten thousands digit of 5698226?
9
What is the hundred thousands digit of 10563605?
5
What is the hundreds digit of 3478140?
1
What is the units digit of 2713096?
6
What is the units digit of 5545353?
3
What is the hundreds